. Let b(s) = -5*s**3 + s**2 + s - 2. What is the tens digit of b(q)?
3
Suppose 220*u - 12 = 216*u. Suppose -u*y + 2*f = f - 822, 2*f = -2*y + 548. What is the hundreds digit of y?
2
Let l(i) = 31*i**2 + 2*i + 27. What is the thousands digit of l(-7)?
1
Let i = 62 + -49. Let x = i - 8. Suppose x*v - 812 = -b, -b + 3*b = 4. What is the tens digit of v?
6
Let w be 5 + 5/20*-1*8. Suppose w*g - 2742 = -4*n, n + 2*n - 2071 = 5*g. What is the tens digit of n?
8
Suppose -4*i - 263 - 225 = 0. Let a = -121 - i. What is the hundreds digit of (21 + 10)/(a/4)?
1
What is the tens digit of (-47 + 9835)/((1 + -2)*-2)?
9
Suppose 26 = -2*g + 122. Let t = -268 + 430. Suppose g = 165*r - t*r. What is the units digit of r?
6
Suppose -4*s + 3*f - 116 = 4*f, -5*s = 4*f + 156. What is the tens digit of (-245)/s - 9 - (-3274)/8?
0
Let t(j) = 2572*j**2 + 29*j + 171. What is the units digit of t(-4)?
7
Let f(h) be the second derivative of -h**4/12 + 6*h**3 + 17*h**2/2 - h + 15. What is the tens digit of f(16)?
3
Suppose 5*v + 3*l - 182787 = 0, -716*v + 5*l = -714*v - 73152. What is the units digit of v?
1
Let r(i) = i**2 - i - 17. Let a be r(6). Let j = a + 6. Let f = 21 + j. What is the tens digit of f?
4
Suppose -5*n - 395 = -2*f - 3*f, 4 = -n. Suppose f*h = 87*h - 6720. What is the tens digit of h?
6
Let t(v) = -2897*v - 338. What is the tens digit of t(-2)?
5
Suppose -76*v + 74*v = 6. What is the hundreds digit of (-1*186)/(2*v/12)?
3
Let m = -418 + 427. What is the hundreds digit of m - 51/6 - 5691/(-6)?
9
Let o be (-54)/(-10) - 20/50. Let g(f) = o*f + 8 + 5 - 3. What is the units digit of g(6)?
0
Let j(p) = 2*p**2 - 41*p - 3. Let u be j(-8). Let t = u + 280. What is the hundreds digit of t?
7
Suppose 5*g - 572 = 4*u, u + 40 + 523 = 5*g. Suppose 47*y - 43*y = g. Suppose 2*i + 3*w - y = 0, 4*i = -w - 2*w + 68. What is the tens digit of i?
2
Suppose 4*y = 8 + 12, 3*s + 2*y - 2233 = 0. Let r = s + -12. What is the hundreds digit of r?
7
Suppose -419 - 395 = 2*a - 4*h, 4*h = -4*a - 1676. Let l = a - -1220. What is the hundreds digit of l?
8
Let m be (-2)/4 + (-47)/(-2). Let o = m - 27. What is the tens digit of 8*((-26)/o - 1)?
4
Let n(g) = 73*g - 619. What is the hundreds digit of n(60)?
7
Let n(p) = 5*p**3 + 3*p**2 + p - 1. Let f be n(-1). Let i be (11 + -5)/(9/(-12)). What is the hundreds digit of (7/f)/(i/704)?
1
Suppose 74*p - 64*p = 490. Let l(x) = 20*x - 323. What is the units digit of l(p)?
7
What is the thousands digit of 28813/(-21)*(11 - 5)*518/(-148)?
8
What is the ten thousands digit of 9 + 883374/72 - (-3)/(-36)?
1
Let q = 91 - 78. Let d(v) = -15*v - 12*v**2 - q*v + 50*v - 14 + v**3 - 15*v. What is the units digit of d(12)?
0
Let s(u) = u - 1. Let f(i) = -122*i**2 + 15*i - 10. Let c(h) = -f(h) + 6*s(h). What is the units digit of c(3)?
5
Suppose 13*s + 4856 + 6441 = 0. Let l = s - -1973. What is the tens digit of l?
0
Let v be -10*(0/10 + (-6)/4). Let k be 12/v*(-15)/(-6). What is the hundreds digit of 248/k + 3/3?
1
Let o(h) = -2*h**2 - 3*h - 13 + 4*h**2 + 140*h**3 + 0*h**2 + 15. What is the units digit of o(1)?
1
Suppose 19915 = 4*l + 5*a, 0 = -3*a + 5 + 4. What is the tens digit of l?
7
Let j = 503 + -501. Suppose -4*l = -4*o - 484, j*l - 3*l + 3*o = -127. What is the units digit of l?
8
Let q(s) = 5 - 4 + 6 + 0 + 4*s + s**2. Let r be q(-3). Suppose 6*m + r*m = 1710. What is the units digit of m?
1
Let a(j) = 740*j**3 - 7*j**2 + 11*j - 94. What is the tens digit of a(4)?
9
Suppose 32 = 3*k + 4*m, -3*k + 3*m = 8*m - 37. Suppose 7*v - k*v = -2*v. Suppose 3*o - 4*o + 19 = v. What is the tens digit of o?
1
Let w be (-93)/62 + (-2)/4*-15. What is the tens digit of 16980/(-40)*(-4)/w?
8
Suppose 299 = -7*q + 362. Suppose 8*p = q*p - 4*b - 39, 4*p = b + 96. What is the units digit of p?
3
Let k(a) be the second derivative of 34*a**3/3 - 35*a**2 - 41*a. What is the tens digit of k(5)?
7
Let f(s) be the second derivative of s**5/20 + 5*s**4/4 - 14*s**3/3 + s**2/2 - s + 28. What is the hundreds digit of f(-15)?
4
What is the tens digit of 171/(-810) + 4/36 - 13742/(-20)?
8
Let n(g) = -2*g - 11. Suppose -4*l - 88 = 3*b, 0 = -0*l - 2*l + 5*b - 18. Let k be n(l). What is the units digit of 490/6 + 9/k?
2
Suppose 8 = -4*l + 5*r, 0*l - 3*r + 10 = -5*l. Let s(j) = 3*j**3 + 3*j**2 - 4. Let o be s(l). What is the units digit of 194/4 - o/32?
9
Suppose -26*g + x = -21*g - 15, 2*g = -5*x + 33. What is the hundreds digit of 2 - (0 - (g + 736))?
7
Suppose 4498 = j + 3*z, -5*j - z + 12328 = -10106. What is the tens digit of j?
8
Let o = -2858 + 4803. Suppose -132*t + o = -127*t. What is the units digit of t?
9
Let p(l) = 21*l**2 + 69*l + 126. Let a(c) = 6*c**2 - 10 + 9*c + c + 28 - 3*c**2. Let w(r) = 15*a(r) - 2*p(r). What is the tens digit of w(-6)?
5
Let n(b) = -b**3 + 16*b**2 + 15*b + 37. Let g be n(15). Suppose -18*d - 127 + g = 0. What is the units digit of d?
0
Suppose -385*n + 4542597 = -2738523. What is the units digit of n?
2
Let f be (-4692)/(-33) - 16/88. Suppose 0 = -13*g - 38 + f. Suppose 3*d = g*d - 605. What is the units digit of d?
1
Let y(w) = 14*w + 2*w**2 - 7 + 4 - w**2 + 18. Let m be y(-13). Suppose u + q - 205 = -3*q, -217 = -u + m*q. What is the tens digit of u?
1
Let i(v) = 2*v**2 + 6*v + 8. Let f be i(-8). Let p be f/(-24) - 3/9. What is the tens digit of (26 - 1) + (-12)/p?
2
Let x(m) = 1655*m**3 - 10*m**2 - 104*m + 312. What is the units digit of x(3)?
5
Let j(s) = 2*s**2 - 35*s + 8. Let o be (-36)/(-252) - 376/(-14). What is the hundreds digit of j(o)?
5
Suppose 0 = 4*d + 12, -4*g + g + d = -27. Suppose -10*x = -8*x + g. What is the units digit of (0 - x/6)/((-16)/(-2040))?
5
Suppose 0 = -4*j - 2*j - 42. Let l(f) = f**3 + 4*f**2 - 19*f + 16. Let w be l(j). What is the units digit of w/(-3 - 2972/(-988)) - 0?
7
Let b be (((-36)/(-5))/4)/((-3)/(-10)). Suppose b*n - 68 = -26. Suppose n*x - x = 294. What is the tens digit of x?
4
Suppose -6*z = -19*z + 39. What is the units digit of ((-15)/15)/(z/(-1284))?
8
Let v(t) = -2*t + 50. Let h be v(20). Suppose h*k - 8*k - 16 = 0. What is the units digit of k?
8
Let z be (-2)/((-6)/27)*1/3. Suppose -f - 10 = -z*k - 1, 0 = k - 3. Let g(i) = -i**2 - 7*i + 239. What is the units digit of g(f)?
9
Suppose -2*x = -5*h - 320, -5*x = 4*h - 35 + 324. Let v = h + 219. What is the hundreds digit of v?
1
Let g(v) = -v**3 + 18*v**2 + 4. Let o be g(18). Let f be ((-4)/(-12))/((-1)/(-6)). Suppose o*t = -f*n + 76, -t - 6 = -3*t. What is the tens digit of n?
3
Let z be (-1794)/18 - 6/(-9). Let g = z + 98. What is the units digit of (g/(6/(-16)))/(2/75)?
0
Suppose 186*m - 181*m = 3*t - 16687, -6 = 3*m. What is the hundreds digit of t?
5
Let x be 1 + (0 - 4) + 491. Let l = x + -247. What is the units digit of l?
1
Let z = -149 + 154. Suppose -3*m - 1 = 2, 128 = q - z*m. What is the units digit of q?
3
Let x = -99424 - -176960. What is the units digit of x?
6
Suppose 0 = 18*g - 28*g + 20. Suppose 2102 = 6*f - 4*f - g*k, f - 4*k = 1048. What is the hundreds digit of f?
0
Let o(y) = 27*y**2 - 342*y + 453. What is the ten thousands digit of o(34)?
2
Let c = -8185 + 12677. What is the tens digit of c?
9
Suppose -223*x + b = -221*x - 115181, -2*b = 4*x - 230350. What is the hundreds digit of x?
5
Let n be ((-6)/8)/((-8)/1312). Let x = n - 55. Suppose t - 50 = x. What is the units digit of t?
8
What is the ten thousands digit of 7278/(-4)*(104/(-13) - -2)?
1
Let p = -480 + 275. Let s = 240 + p. What is the tens digit of s?
3
Suppose -101806 = -167*t + 162*t - 3*p, -4*p = 5*t - 101798. What is the units digit of t?
6
Suppose -5 = 4*t - 17. Suppose -t = -5*m + 2*m. Let c(z) = 49*z**2 - 2*z + 3. What is the tens digit of c(m)?
5
Let g = 8149 + -2628. What is the units digit of g?
1
Let c(a) be the first derivative of 67*a**3/3 - 2*a**2 + a - 20. What is the hundreds digit of c(-2)?
2
What is the thousands digit of (14414 - 2)*365/292?
8
Let h(n) = 116*n**2 + 2*n - 101. What is the hundreds digit of h(8)?
3
What is the thousands digit of 2/19 + 300921117/6403?
6
Suppose 2*k = l - 50513, 20507 = l + 3*k - 30041. What is the tens digit of l?
2
Let o = 13544 + -8383. What is the units digit of o?
1
Suppose 0 = -4*s - 4*b + 628, 791 = 5*s + 3*b - 0*b. Suppose 155*m - s*m = -5. What is the units digit of (-3 + 10 + -4)*m?
3
Let l(g) = -2*g*